e tens digit of k(39)?
9
Suppose 126*i - 1055834 = 2061910. What is the ten thousands digit of i?
2
Suppose -2*v = 3*v - 120. Suppose u + v = -2*u. Let m(x) = 2*x**2 + 6*x + 12. What is the units digit of m(u)?
2
Let p = -12699 + 23166. What is the ten thousands digit of p?
1
What is the thousands digit of (-362608)/(-16) + 4/((-8)/(-18))?
2
Suppose -3*x + 8*x + 35 = 0. Let i = x - 80. Let w = 46 - i. What is the units digit of w?
3
Let m = -158 - -156. Let x(h) = -13*h**3 - h**2 - 2*h - 2. What is the hundreds digit of x(m)?
1
Let k(t) = 445*t**2 + 163*t + 924. What is the hundreds digit of k(-6)?
9
Let o be (-142)/(-18) - 25/(-225). Suppose -o*u - 263 = -1103. What is the hundreds digit of (-5)/(-10)*-6 + u?
1
Let i(x) be the first derivative of 5*x**2 + 15*x - 2. What is the hundreds digit of i(13)?
1
Suppose -3*z = 46 - 22. Let y = -144 - -214. Let c = z + y. What is the tens digit of c?
6
Let l be (-52)/39*468/(-8). Suppose -l*n + 4602 = -72*n. What is the tens digit of n?
6
Suppose 0 = 5*v - 9*l - 48745, -2*v + 10801 = l - 8720. What is the tens digit of v?
5
Let t(z) = -z - 23. Let l = 27 + -17. Let o be t(l). Let d = 39 + o. What is the units digit of d?
6
Let r(u) = -8*u**3 - 9*u**2 - 70*u - 271. What is the thousands digit of r(-6)?
1
Let c be 5/(-2)*-8*(-4)/40. Let u be (3 + 0 - -3) + c. Suppose -3*i + h = u*h - 378, -231 = -2*i + 5*h. What is the tens digit of i?
2
Suppose -731836 = 78*n - 3135562. What is the ten thousands digit of n?
3
Let y be (7/14)/((-2)/24). Let q = 180 - 178. What is the units digit of (q*y/7)/(2/(-28))?
4
Let o(x) = x**3 - 17*x**2 + 6*x - 4. Let g be -1*(-1)/(-2) - (-35)/2. What is the units digit of o(g)?
8
Suppose 0 = -h - 2*h - 378. Suppose 21 + 20 = -41*d. What is the units digit of ((-6)/(-5))/(d + h/(-120))?
4
Suppose -3*l = -a, a + l + 15 = 31. What is the units digit of ((-18)/a)/(6/(-2044))?
1
Suppose 9 = -23*r + 26*r. Suppose 0 = 2*b + 2*p + 1086, -5*b - r*p = -p + 2724. What is the units digit of 25/10*b/(-15)?
1
Let d(k) be the third derivative of 0*k + 0 - 19*k**2 + 16/3*k**4 + 7/6*k**3. What is the hundreds digit of d(1)?
1
Let o(d) = 204*d**2 + 30*d + 201. What is the tens digit of o(-5)?
5
Let r = -106 + 100. What is the units digit of 605 - r/42*0?
5
Suppose -16 = 6*z - 46. Suppose -3*f = -2*t - 5, -f - t + 0 - z = 0. What is the tens digit of f/1*(0 + -167)?
6
Let h(i) = -32858*i + 365. What is the ten thousands digit of h(-1)?
3
Let o = 207 - 200. Suppose o*v - 735 = 1925. What is the tens digit of v?
8
Suppose 2*h + 9*w - 14*w - 23801 = 0, h - 11908 = 4*w. What is the tens digit of h?
8
Let g(v) = 5191*v - 775. What is the tens digit of g(4)?
8
Let y = 277 - 273. Suppose -4*h = 2*v - 1428, -y*v + v - 5*h = -2139. What is the tens digit of v?
0
Let w(l) = 2*l**3 - 44*l**2 - 157*l - 31. What is the hundreds digit of w(36)?
6
What is the units digit of 24/(-4680)*-620321 - (51/45 - 1)?
1
Suppose -3930*x = -3916*x - 211428. What is the hundreds digit of x?
1
Let y(v) = 4*v**2 - 3*v + 3. Let h be ((-26)/39)/((-2)/6) - 1. Let g be y(h). Suppose 3*i + 308 = g*i - 4*w, 2*i - 595 = w. What is the hundreds digit of i?
2
Let b(k) = -k**3 + 66*k**2 + 50*k - 731. What is the ten thousands digit of b(57)?
3
Let c = 156 + 47. Let y = 305 - c. What is the hundreds digit of y?
1
Let g = -186 - -84. Let t = -57 - g. What is the tens digit of t?
4
Let g = 268 - 295. What is the tens digit of (-1811)/g + 134/(-1809)?
6
Let m(y) = 10*y + 81. Let w be -1*(-8 + 4) - (-72)/4. What is the tens digit of m(w)?
0
Suppose 60*m - g = 63*m - 36828, m + g - 12276 = 0. What is the units digit of m?
6
Let w = 55 - -12. Let y = w + -70. What is the tens digit of ((y + (-65 - 3))*-2)/2?
7
Let n = 6729 + 1671. What is the units digit of n?
0
Let a(y) = 8*y**2 - y**3 + 11*y + 39 - 50 + 6*y**2. What is the tens digit of a(10)?
9
Let s(p) = 2*p**2 + 3*p + 1. Let g be s(-2). Suppose 0 = 3*f - 9 + g. Suppose 2*a = -3*u + 337, 0*u = -f*u - 4*a + 214. What is the tens digit of u?
1
Let m(i) be the second derivative of i**5/20 + 5*i**4/12 - 5*i**3/6 - 9*i**2/2 + 6*i. Let y be m(-6). What is the units digit of (y/10)/3*-50?
5
Let h = -80 + 80. Suppose h = 34*i - 37*i. Suppose -9*m = -5*b - 4*m + 495, 4*b + 4*m - 396 = i. What is the units digit of b?
9
Suppose 26*k = -76297 + 321711. What is the hundreds digit of k?
4
Let i(c) be the second derivative of c**3/2 - 5*c**2 - 11*c. Let z be i(5). Suppose 0 = z*r + 35 - 40. What is the units digit of r?
1
Let h = 3385 + -2866. What is the hundreds digit of h?
5
Let g(z) = 5*z - 7. Let o(l) = l - 1. Let n(j) = -g(j) + 4*o(j). Let m be n(4). What is the tens digit of 1316/(-14)*m/2?
4
Let w(g) = -16*g + 3*g - 1112*g**3 + 37 + 1111*g**3 - 15*g**2 + 6. What is the tens digit of w(-15)?
3
What is the units digit of 2 - 243000/(-14) - (-385)/(-2695)?
9
Let w be (-1 + 1)*(-4)/(-12) + -36. What is the units digit of 5/(-45)*-4520 + 8/w?
2
Let z = 5742 + -5297. What is the units digit of z?
5
Let h be 10/8 + 213/12. Let w(c) = -3 - 70*c + 3*c - h*c + 2. What is the tens digit of w(-1)?
8
Suppose -1147162 - 1989788 = -450*f. What is the units digit of f?
1
Suppose 219 = 4*l - 29. Suppose -3*a = -a - 2*w + l, 3*w = 6. Let u = a - -36. What is the units digit of u?
7
Let f be (1 - (2 - -4)) + 246 + -3. Let r = -172 + f. What is the tens digit of r?
6
Let m = 334 - 330. Suppose -4*z - 278 = -a + 404, -3*a - m*z = -2062. What is the units digit of a?
6
What is the ten thousands digit of 2/42*-670702*-3 + 594/1386?
9
Let l be (-22976)/12*(0/7 - -3). What is the hundreds digit of (-7)/(56/l) + 2?
7
Let m(b) = 15*b**2 + 38*b + 370. What is the units digit of m(-26)?
2
Let c be ((-10)/8)/((-6)/24). Suppose u + 10 = -2*y, c*y = u + 5 - 30. Suppose u = 5*v - z - 460, 2*v + 118 = 3*v + 5*z. What is the tens digit of v?
9
Let q(o) = 5300*o**2 + 590*o + 589. What is the tens digit of q(-1)?
9
Let t = 5 + -1. Suppose -3*x + 4*y = -9, 0*x = -4*x - y + 31. Suppose -i + 144 = -t*v, -162 = -i + 5*v - x*v. What is the tens digit of i?
5
Let z(d) = d**3 + 10*d**2 - 8*d + 7. Let k be z(-11). Suppose -c - l = 105, 5*c - 2*c - 2*l = -290. Let w = k - c. What is the tens digit of w?
7
Let j(c) = 26*c**2 - 40*c - 12. Let b be j(-10). Let a = b + -2080. What is the tens digit of a?
0
Let l(z) = 3*z**3 - z**2 + 5*z - 13. Let p be l(7). Let g = p + -687. What is the units digit of g?
5
Let q = -57 + 62. Suppose q*u = 54667 - 19027. What is the units digit of u/120 - (-1)/5*3?
0
Suppose -i + 1501 = 3*o - 6384, 2*i - 5258 = -2*o. Suppose o = 16*w - 2460. What is the units digit of w?
8
Let n(a) = 20*a - 215. Let d be n(11). Let k = 35 - 24. Let l = k + d. What is the units digit of l?
6
What is the units digit of ((-2026)/(-12))/((5/(-12))/((-40)/16))?
3
Suppose 66*b - 46*b - 37900 = 0. Suppose 25*n = b + 7680. What is the units digit of n?
3
Let l = 38844 - 24508. What is the ten thousands digit of l?
1
Let g be 3*-3 + (-8)/(48/(-18)). Let m be ((-21)/2 + g)*(-8)/(-3). Let u = -16 - m. What is the units digit of u?
8
Let v be 9/(81/(-48))*-3. Suppose 18*n - v*n = -32. What is the tens digit of (-3)/(-12) - 1804/n?
1
Let g(r) = 3*r + 5 + r**2 + 19 - r + 5*r. Let z(i) = i**2 + 10*i + 17. Let k be z(-6). What is the tens digit of g(k)?
2
Suppose 0 = -13*n - 14630 + 56763. What is the hundreds digit of n?
2
Suppose 32 = 8*b - 6*b. Suppose 4*k - 2*a - b = 5*k, -2*k + 4*a = 16. What is the units digit of ((-15)/(-2))/(k/(-304))?
0
Suppose 44*h = 38*h + 12. Suppose -64 = -h*g + 4*w, 3*g + 64 = 3*w + 172. What is the units digit of g?
0
Suppose -30*r + 3857 = -23*r. Let j = -257 + r. What is the hundreds digit of j?
2
Let r(s) = 1. Let b(h) = 2*h + 5. Let w(u) = b(u) - 5*r(u). Let n be w(-1). What is the tens digit of 24/(-15)*135/n?
0
Let m(u) = -113*u - 2. Let i be m(-2). Let t = i + 81. What is the tens digit of t?
0
Suppose -7 = -2*o + o. Let i(s) = 12*s**2 - 7*s - 22. What is the tens digit of i(o)?
1
Let s = 305 - 300. Suppose 0 = 5*d + s, 7*m - 4*m + 5*d = 799. What is the units digit of m?
8
Let w(i) = -97*i + 3 - 6*i**2 + 103*i - 5. Let x be w(5). Let k = x - -261. What is the tens digit of k?
3
Let m(u) = 0 + 3 - 19*u - 2 - 5. Let c be m(-2). Let j = 24 + c. What is the units digit of j?
8
Let v be 4/((-8)/(-604)*1). L